 3*s + 12 = 0. Suppose 4*z + 6 = -w, 224 = 5*b - 2*z. List the prime factors of b.
2, 11
Let j = 25547 + -72. List the prime factors of j.
5, 1019
Let l(y) = y**3 + 10*y**2 - 36*y - 7. Let h be l(-14). Let s = 625 + h. List the prime factors of s.
2, 13
Let v(w) = 8*w**2 + 3*w + 3. Let x be v(-1). Let m(c) = -x*c + 0*c + 9*c + 8. List the prime factors of m(-5).
3
Suppose -28 = 54*u - 58*u. Suppose 0 = u*s - 395 - 305. Suppose 2*p = 2*b + s, -5*p + 46 = -4*p - 3*b. What are the prime factors of p?
2, 13
Let d(q) = 23*q**2 - 4*q - 1. Let f be d(-2). Let p(a) = 2*a + 77 - f - 2*a - a + 3*a**2. What are the prime factors of p(6)?
2, 5
Suppose 13*k - 18522 = 10*k. Suppose 0 = -o + 10*o - k. What are the prime factors of o?
2, 7
List the prime factors of 15*(-8)/24 - -16592.
3, 19, 97
Let k(d) = -2*d**2 - 4*d + 25805. List the prime factors of k(0).
5, 13, 397
Suppose 2*m - 5*y - 112 = 468, -4*y - 1416 = -5*m. Let c = 938 - m. What are the prime factors of c?
2, 7, 47
Let l = 1714 + 470. Suppose i + 0*i - 4*v = 537, 0 = -4*i - 2*v + l. What are the prime factors of i?
5, 109
Let h = 2462 - 2462. Let k(r) be the first derivative of r**3/3 + r**2 + 57*r - 1. List the prime factors of k(h).
3, 19
Suppose 0 = 85*y - 1043888 - 1444657. What are the prime factors of y?
3, 3253
Let q(g) = -g**3 - g**2 + 5*g + 5. Let p be q(-3). Let j be (-8)/(-2)*1 - (-3 - -9). What are the prime factors of (-156)/p*j/3?
13
Let v(c) = 42*c - 67. Suppose -2*i - 20 + 36 = 0. List the prime factors of v(i).
269
Suppose -2*a - 4*d = -16, -4*a + 3*d + 32 = 6*d. Suppose a*w + 279 - 3543 = 0. Let z = w + -217. List the prime factors of z.
191
Let n be 8/1*7/14. Suppose 2*p - 4*g = 12, -n*p - 5*g = -8*p + 33. What are the prime factors of p?
2, 3
What are the prime factors of ((-22)/9)/(1818817/151569 + -12)?
2, 11, 1531
Suppose 0 = 14*l - 13701 + 961. Suppose -16*o + l = -3474. List the prime factors of o.
2, 137
Let h(z) = -3*z - 71. Let s be h(0). Let r be (-30155)/(-111) + 4/(-6). Let i = r + s. List the prime factors of i.
2, 5
Let o(k) = k**3 - 17*k**2 - 2*k + 338. Let y be o(16). Let c be (-1 - -2) + (-43)/(-1). Suppose -b + c = -5*g, 4*g = -b + 6*g + y. List the prime factors of b.
2, 3
Suppose 0*p + 9*p - 18 = 0. What are the prime factors of p + -1 - 948/(-3)?
317
What are the prime factors of (-1)/((-33)/9) + 1619793/1617?
2, 3, 167
Let o = 25702 + 5650. List the prime factors of o.
2, 3919
Let h be (-3)/3*-1962 - -6. Suppose 9*b = 12243 + h. What are the prime factors of b?
1579
Suppose -7*y - 5*z + 455390 = 3*y, y - z - 45530 = 0. List the prime factors of y.
2, 1423
Let x(y) be the third derivative of 1/30*y**5 - 1/2*y**3 + 0 + 0*y - 5/24*y**4 + 1/120*y**6 + 2*y**2. List the prime factors of x(-3).
3
Suppose 4*p = -4*g + 28, 6*p - p = -3*g + 37. Let x be (-4036)/(-6) - p/(-6). Suppose 5*h = -199 + x. List the prime factors of h.
5, 19
Suppose 44*s = -34*s + 102*s - 533544. List the prime factors of s.
11, 43, 47
Suppose m = -2*l + 331, -l + 2*m + 87 = -71. Suppose 3*s = -4*c - l, 0*s - 2*s - 5*c = 100. What are the prime factors of 497/3 + s/(-45)?
167
What are the prime factors of (-29*1)/((-5)/3145) + -3?
2, 11, 829
Suppose 4*k = -q + 9019 + 28891, -9*k = 5*q - 85292. What are the prime factors of k?
2, 7, 677
Suppose 45*j - 598779 = -24*j - 212862. What are the prime factors of j?
7, 17, 47
Let r(m) = 16*m**2 + 3*m + 3. Let p(d) = -1. Let o(t) = 4*p(t) + r(t). Let q be 5/(-4) - 6/8. What are the prime factors of o(q)?
3, 19
Suppose 5*x = -4*v + 75, 2*v = -5*x - 3*v + 80. Suppose 7*q = x*q + 24. List the prime factors of 11 + 1*2*(-3)/q.
2, 3
Let u(s) = s - 9. Suppose -19 = -i - 14. Let h be u(i). What are the prime factors of h + 3 + (-1 - -62)?
2, 3, 5
Let d(w) = 162*w**2 + 67*w + 518. List the prime factors of d(-9).
13037
Let x(v) = 3*v**3 - 2*v**2 + 7*v - 8. Let a be x(3). Suppose a*o - 912 = 68*o. List the prime factors of o.
2, 3, 19
Let u be 17 + (-8 - -3) - 1. Let y(l) = -2*l**3 + 25*l**2 + 9*l - 1. List the prime factors of y(u).
461
Let p(u) = 3*u**3 - u + 1. Let x be p(1). Let q be ((-3 - -5) + -2)/(-1 - 0). Suppose q = x*o - o - 112. What are the prime factors of o?
2, 7
Suppose 0 = -2*h + 4*r + 117 + 271, -5*h = -3*r - 977. Suppose -3*y - h = -1630. What are the prime factors of y?
2, 239
Suppose 46*a + 89401 + 274365 = 80*a. What are the prime factors of a?
13, 823
Let q = 51564 + 6512. What are the prime factors of q?
2, 14519
Suppose -5*y + 161033 = 7*j, -140*j + 23000 = -139*j - 4*y. List the prime factors of j.
2, 3, 71
Let g be (-1562)/(-18) + (-5 - (-282)/54). Let f = 134 - g. List the prime factors of f.
47
Let z(s) be the third derivative of 55*s**4/4 - 31*s**3/2 + 13*s**2 - 3*s. What are the prime factors of z(4)?
3, 409
Let m(g) be the second derivative of g**5/20 - 7*g**4/6 - g**3/6 + 17*g**2 + 3*g - 33. List the prime factors of m(16).
2, 5, 53
Suppose -d - 136 = 3*j, 4 = -j - 3*d - 36. Let q = j + 211. What are the prime factors of q?
3, 5, 11
Let h(k) = 8*k - 12. Let f = -63 + 59. Let q be 25/(2 + (f - -3)). What are the prime factors of h(q)?
2, 47
Suppose 3*c - 40 = 4*u + 7*c, -2*c - 50 = 5*u. What are the prime factors of u/25*(-1 - 2)*130?
2, 3, 13
Let i(o) be the third derivative of -1/4*o**4 + 1/60*o**5 + 3*o**2 + 5/6*o**3 + 0*o + 0. What are the prime factors of i(10)?
3, 5
What are the prime factors of 494340/26 + 19 + (-2976)/156?
19013
Let b = 5 - -3. Suppose b*g = -4 + 28. What are the prime factors of 1/(10/3930*g/2)?
2, 131
Let d(x) = 2*x**3 + 15*x**2 - 74*x + 22. Let a be d(-10). Suppose 0 = o - 2*o + 3*i - 114, -2*i - 89 = o. Let g = a + o. What are the prime factors of g?
163
Let b be (-3546)/6 + 9 + 0 + -4. Let p = -4 - b. List the prime factors of p.
2, 3, 97
Suppose 0*h - 20528 = 10*h - 182278. List the prime factors of h.
5, 647
Let x(p) = -2*p**2 - 43*p + 3. Let b be x(-21). List the prime factors of -8 + (-7332)/(b/(-4)).
2, 607
What are the prime factors of (-639)/(-45) + -13 - (17414/(-5) + 1)?
3, 43
What are the prime factors of (-11)/(-110) + 5/100*66098?
5, 661
Let l be -4 + (1093/(-5) - (-18)/30). Let r = -175 - l. What are the prime factors of r?
47
List the prime factors of (((-290)/(-20))/(-29))/((-2)/15348).
3, 1279
Let j(a) = a**3 + a**2 - a + 1663. Let g = 96 - 96. Let r be j(g). Suppose r - 7 = 8*u. List the prime factors of u.
3, 23
Let n = -8487 + 13420. List the prime factors of n.
4933
What are the prime factors of (-2 + 48)/((-56)/(-26768))?
2, 23, 239
Let d(h) = 44*h**2 - 5*h - 9. Let w(s) = 43*s**2 - 4*s - 7. Let g(t) = -2*d(t) + 3*w(t). What are the prime factors of g(4)?
3, 5, 43
Let b be (-1)/(-2) + 24/(-48). Suppose -9*a + 10*a - 36 = b. What are the prime factors of a?
2, 3
Let p be ((-92)/(-230))/(1/5545). Suppose 2*t - p = -374. What are the prime factors of t?
2, 461
Suppose y = -67 - 197. Suppose 0 = -5*l + l - 1752. Let a = y - l. List the prime factors of a.
2, 3, 29
Suppose 81*n - 1433498 - 1203052 = 0. List the prime factors of n.
2, 3, 5, 7, 31
Suppose 5*y - 6241 = -2*n, 2*y = 2*n + 3614 - 1098. List the prime factors of y.
3, 139
Let m = 336 - 326. Let p(z) = -z**2 + 6*z - 3. Let i be p(4). Suppose -i*n = -m*n + 370. What are the prime factors of n?
2, 37
Let g(h) = -5*h + 6*h**2 - 10 + h**2 - 2*h - h**3. Let f be g(5). What are the prime factors of 838/f + (-3)/5?
167
Suppose -57*x + 1606615 = 279997. List the prime factors of x.
2, 3, 431
Let q be ((-1)/2)/(3 - (-14)/(-4)). Let k be 19 - (1 - q - 0). Suppose -20*y = -k*y - 56. List the prime factors of y.
2, 7
Suppose 100*y = 383298 - 467891 + 1044593. What are the prime factors of y?
2, 3, 5
Let c = 3 - 0. Suppose 295 = 3*t + y - 113, -4*t + 544 = -4*y. Suppose c*d + 246 = 3*s, -2*s - 4*d = d - t. List the prime factors of s.
2, 3, 13
Let q(v) = -6124*v - 171. List the prime factors of q(-1).
5953
Suppose -4*j - 22 = -t, 4 = -4*j - 4. Let q be (2 - 24/t) + (-198)/(-42). Suppose -3*g + 521 = -2*p, -6*g + 4*g = -q*p - 351. What are the prime factors of g?
173
Let m(z) = -z**3 + 10*z + z**2 - 3*z**2 - 11*z + 3*z**2 - 5. What are the prime factors of m(-5)?
2, 3, 5
Let l = -1170 - -3140. Suppose 0 = 8*f - 13*f + l. List the prime factors of f.
2, 197
Let i(x) = -x**2 + 8*x + 25. Let j(g) = -g + 14. Let n be j(4). Let h be i(n